mmon factor of 851 and 37?
37
Calculate the greatest common factor of 5 and 70.
5
What is the greatest common divisor of 2052 and 54?
54
What is the greatest common factor of 6 and 10?
2
What is the greatest common factor of 558 and 341?
31
Calculate the greatest common factor of 55 and 638.
11
Calculate the greatest common divisor of 1924 and 592.
148
What is the greatest common divisor of 658 and 21?
7
What is the highest common factor of 255 and 45?
15
Calculate the greatest common factor of 118 and 5251.
59
Calculate the highest common divisor of 108 and 1116.
36
What is the greatest common divisor of 611 and 221?
13
Calculate the greatest common divisor of 176 and 352.
176
Calculate the greatest common factor of 3045 and 1470.
105
What is the greatest common factor of 24 and 26328?
24
What is the highest common divisor of 68 and 459?
17
Calculate the highest common factor of 30 and 30.
30
What is the highest common divisor of 66 and 1562?
22
Calculate the highest common divisor of 13 and 2691.
13
Calculate the highest common factor of 450 and 495.
45
What is the highest common factor of 3500 and 250?
250
Calculate the greatest common factor of 2896 and 16.
16
Calculate the highest common factor of 935 and 1430.
55
What is the greatest common factor of 143 and 132?
11
What is the greatest common divisor of 56 and 424?
8
What is the greatest common divisor of 16 and 12560?
16
Calculate the highest common divisor of 66 and 17138.
22
What is the highest common factor of 1 and 999?
1
Calculate the highest common divisor of 68 and 4182.
34
Calculate the highest common divisor of 2751 and 420.
21
Calculate the greatest common divisor of 7683 and 39.
39
Calculate the highest common divisor of 6 and 24.
6
What is the highest common divisor of 142 and 22?
2
What is the highest common factor of 24 and 15904?
8
What is the highest common divisor of 1075 and 175?
25
What is the highest common divisor of 1776 and 216?
24
Calculate the greatest common divisor of 25 and 6.
1
Calculate the highest common factor of 1562 and 88.
22
Calculate the greatest common factor of 32 and 61.
1
What is the highest common factor of 600 and 75?
75
What is the greatest common factor of 1175 and 94?
47
Calculate the greatest common factor of 1421 and 49.
49
What is the highest common factor of 22 and 41668?
22
What is the highest common factor of 7 and 805?
7
What is the highest common divisor of 135 and 6183?
27
Calculate the greatest common factor of 2 and 5400.
2
Calculate the highest common divisor of 78 and 221.
13
Calculate the greatest common divisor of 7037 and 2043.
227
Calculate the greatest common factor of 1333 and 817.
43
Calculate the highest common factor of 720 and 160.
80
What is the greatest common divisor of 154 and 231?
77
What is the highest common divisor of 197 and 38415?
197
Calculate the greatest common factor of 12 and 204.
12
What is the greatest common divisor of 3913 and 35?
7
What is the greatest common divisor of 51 and 85?
17
Calculate the greatest common factor of 8 and 26.
2
What is the greatest common factor of 126 and 97650?
126
Calculate the highest common factor of 2261 and 266.
133
What is the highest common factor of 49 and 77?
7
Calculate the highest common factor of 439 and 1.
1
What is the highest common divisor of 76 and 988?
76
What is the greatest common divisor of 52 and 16?
4
Calculate the highest common divisor of 59 and 649.
59
What is the highest common divisor of 451 and 44?
11
Calculate the greatest common divisor of 15459 and 3.
3
Calculate the highest common divisor of 63 and 133.
7
Calculate the greatest common divisor of 48 and 792.
24
Calculate the highest common divisor of 96 and 96.
96
What is the greatest common factor of 1188 and 108?
108
Calculate the greatest common factor of 470 and 564.
94
Calculate the highest common factor of 678 and 6.
6
Calculate the greatest common factor of 27 and 27.
27
Calculate the greatest common factor of 24514 and 238.
238
Calculate the highest common divisor of 102 and 68.
34
Calculate the greatest common divisor of 138 and 2139.
69
What is the highest common divisor of 1378 and 106?
106
Calculate the greatest common divisor of 26 and 377.
13
Calculate the greatest common divisor of 60 and 160.
20
What is the greatest common divisor of 2565 and 15?
15
Calculate the greatest common divisor of 4850 and 25.
25
Calculate the greatest common factor of 180 and 675.
45
Calculate the greatest common factor of 435 and 15.
15
What is the highest common divisor of 8720 and 80?
80
Calculate the greatest common divisor of 833 and 980.
49
What is the greatest common divisor of 195 and 234?
39
What is the highest common divisor of 12 and 24636?
12
What is the greatest common divisor of 21 and 672?
21
What is the highest common divisor of 152 and 16?
8
What is the highest common factor of 31 and 124?
31
Calculate the highest common divisor of 8 and 108.
4
Calculate the greatest common divisor of 4528 and 8.
8
What is the highest common factor of 826 and 14?
14
What is the greatest common factor of 568 and 497?
71
What is the greatest common factor of 1717 and 808?
101
Calculate the highest common divisor of 64 and 1216.
64
Calculate the greatest common divisor of 518 and 56.
14
Calculate the highest common factor of 76 and 247.
19
What is the highest common divisor of 140 and 70?
70
Calculate the greatest common factor of 18 and 258.
6
Calculate the greatest common divisor of 20 and 1970.
10
Calculate the highest common divisor of 10 and 70.
10
What is the highest common factor of 8940 and 48?
12
What is the highest common divisor of 12 and 15?
3
Calculate the highest common divisor of 1232 and 11.
11
Calculate the highest common divisor of 162 and 1458.
162
What is the greatest common divisor of 20 and 13?
1
Calculate the greatest common divisor of 2997 and 81.
81
Calculate the greatest common divisor of 4 and 316.
4
What is the highest common divisor of 3876 and 342?
114
What is the highest common divisor of 14 and 574?
14
Calculate the highest common factor of 40558 and 14.
14
What is the greatest common factor of 18 and 258?
6
Calculate the greatest common divisor of 560 and 400.
80
What is the greatest common divisor of 143 and 91?
13
Calculate the highest common divisor of 24622 and 26.
26
What is the highest common factor of 190 and 23085?
95
What is the highest common factor of 189 and 2394?
63
Calculate the highest common factor of 442 and 130.
26
Calculate the greatest common divisor of 116 and 7250.
58
What is the greatest common divisor of 47 and 71957?
47
Calculate the highest common factor of 935 and 165.
55
Calculate the greatest common divisor of 64 and 16.
16
What is the highest common divisor of 189 and 4599?
63
Calculate the greatest common factor of 121 and 33.
11
Calculate the highest common divisor of 621 and 23.
23
Calculate the greatest common divisor of 10 and 233.
1
Calculate the greatest common factor of 72 and 576.
72
Calculate the greatest common divisor of 112 and 28.
28
What is the highest common divisor of 26 and 494?
26
What is the greatest common divisor of 216 and 297?
27
Calculate the greatest common divisor of 1864 and 12.
4
Calculate the greatest common divisor of 511 and 219.
73
Calculate the greatest common factor of 189 and 15309.
189
What is the highest common divisor of 84 and 196?
28
What is the greatest common divisor of 548 and 3973?
137
What is the greatest common divisor of 56 and 343?
7
Calculate the highest common divisor of 12 and 732.
12
Calculate the greatest common divisor of 200 and 7360.
40
Calculate the highest common factor of 532 and 76.
76
What is the greatest common divisor of 420 and 1344?
84
What is the greatest common factor of 388 and 1358?
194
What is the highest common divisor of 44 and 4?
4
What is the greatest common factor of 18146 and 258?
86
Calculate the highest common factor of 1071 and 63.
63
What is the greatest common divisor of 266 and 3059?
133
Calculate the highest common factor of 4 and 9194.
2
What is the highest common factor of 7 and 126?
7
What is the greatest common divisor of 276 and 612?
12
What is the highest common factor of 46 and 1288?
46
What is the highest common factor of 588 and 12?
12
What is 